) to base 4
-1
11110010 (base 2) to base 13
158
Convert -30 (base 5) to base 10.
-15
-1101 (base 3) to base 4
-211
What is -261 (base 10) in base 4?
-10011
What is 14 (base 5) in base 11?
9
-6c (base 13) to base 3
-10100
6 (base 12) to base 5
11
Convert 2d (base 14) to base 4.
221
What is 0 (base 2) in base 8?
0
What is -b (base 14) in base 13?
-b
2 (base 5) to base 7
2
Convert a (base 13) to base 9.
11
-54 (base 10) to base 9
-60
What is 10 (base 2) in base 16?
2
What is 1 (base 14) in base 3?
1
Convert -424 (base 6) to base 14.
-b6
222 (base 4) to base 6
110
Convert 10021 (base 3) to base 11.
80
-1001000 (base 2) to base 3
-2200
2 (base 3) to base 2
10
What is -7 (base 16) in base 7?
-10
What is -45 (base 7) in base 4?
-201
Convert -3d (base 15) to base 2.
-111010
What is 1233 (base 5) in base 6?
521
Convert 29 (base 13) to base 16.
23
-6 (base 7) to base 2
-110
What is 0 (base 6) in base 7?
0
What is 2 (base 8) in base 11?
2
What is 17 (base 10) in base 6?
25
-4 (base 10) to base 3
-11
What is -11 (base 5) in base 7?
-6
-343 (base 7) to base 15
-bd
Convert 6 (base 7) to base 3.
20
What is a (base 14) in base 15?
a
What is 23 (base 16) in base 5?
120
a (base 13) to base 15
a
What is 110 (base 14) in base 9?
253
-1101 (base 2) to base 11
-12
What is 74 (base 16) in base 14?
84
What is -110001 (base 2) in base 16?
-31
Convert 12 (base 4) to base 12.
6
What is -201 (base 5) in base 13?
-3c
-142 (base 8) to base 15
-68
What is -20 (base 3) in base 4?
-12
Convert -48 (base 16) to base 10.
-72
What is 23 (base 8) in base 14?
15
-8 (base 10) to base 16
-8
Convert 5 (base 12) to base 11.
5
What is -1 (base 10) in base 16?
-1
Convert 404 (base 7) to base 15.
d5
Convert 5 (base 12) to base 7.
5
What is -24 (base 10) in base 8?
-30
What is -74 (base 15) in base 9?
-131
-3 (base 10) to base 9
-3
What is 1 (base 11) in base 4?
1
61 (base 12) to base 4
1021
-2033 (base 5) to base 2
-100001100
-a (base 12) to base 14
-a
Convert -101100 (base 2) to base 12.
-38
13 (base 10) to base 11
12
20012 (base 3) to base 10
167
3 (base 7) to base 6
3
What is -bc (base 16) in base 3?
-20222
Convert -123 (base 4) to base 13.
-21
-4 (base 12) to base 16
-4
What is 2 (base 10) in base 7?
2
What is -1 (base 15) in base 16?
-1
What is -12 (base 9) in base 7?
-14
Convert 12 (base 4) to base 5.
11
Convert -2 (base 14) to base 6.
-2
a (base 16) to base 14
a
20 (base 4) to base 13
8
What is 11 (base 15) in base 11?
15
Convert -3a (base 15) to base 6.
-131
What is -22 (base 4) in base 7?
-13
What is a (base 13) in base 2?
1010
What is 3 (base 13) in base 10?
3
What is -11 (base 4) in base 12?
-5
Convert 6 (base 9) to base 12.
6
-15 (base 6) to base 7
-14
What is 42 (base 7) in base 15?
20
What is 5 (base 12) in base 15?
5
What is -2 (base 9) in base 14?
-2
What is 11 (base 2) in base 12?
3
-2 (base 6) to base 5
-2
What is 43 (base 11) in base 13?
38
248 (base 11) to base 16
126
Convert 160 (base 7) to base 11.
83
What is -1 (base 5) in base 13?
-1
Convert -112 (base 5) to base 9.
-35
30 (base 5) to base 6
23
What is 8b (base 13) in base 8?
163
Convert -12 (base 6) to base 13.
-8
Convert -2 (base 11) to base 14.
-2
-56 (base 7) to base 2
-101001
Convert -14 (base 11) to base 16.
-f
What is 40 (base 12) in base 11?
44
What is 274 (base 12) in base 6?
1424
-67 (base 15) to base 2
-1100001
Convert 112 (base 3) to base 4.
32
What is -11100000 (base 2) in base 6?
-1012
Convert -2 (base 7) to base 10.
-2
3 (base 14) to base 4
3
-b (base 15) to base 12
-b
Convert 4 (base 6) to base 8.
4
Convert 44 (base 8) to base 2.
100100
Convert 3 (base 5) to base 14.
3
Convert 1342 (base 5) to base 2.
11011110
-100 (base 2) to base 6
-4
Convert 0 (base 10) to base 7.
0
What is -123 (base 5) in base 11?
-35
What is -26 (base 8) in base 3?
-211
-21111 (base 3) to base 6
-534
What is 0 (base 7) in base 15?
0
Convert 0 (base 10) to base 12.
0
What is 20 (base 14) in base 13?
22
What is -2a (base 12) in base 6?
-54
What is -51 (base 10) in base 14?
-39
Convert 6 (base 9) to base 16.
6
What is -56 (base 9) in base 5?
-201
Convert -21 (base 12) to base 7.
-34
4 (base 9) to base 10
4
What is 114 (base 6) in base 14?
34
10 (base 4) to base 6
4
-102 (base 3) to base 15
-b
What is 3 (base 4) in base 3?
10
2032 (base 5) to base 10
267
What is -2012 (base 3) in base 7?
-113
Convert -23 (base 4) to base 8.
-13
-6 (base 14) to base 5
-11
What is 1000 (base 2) in base 5?
13
What is -10 (base 2) in base 16?
-2
What is 2c (base 14) in base 12?
34
What is -23 (base 7) in base 5?
-32
Convert -1 (base 9) to base 6.
-1
Convert 53 (base 10) to base 3.
1222
What is -7 (base 14) in base 10?
-7
What is 111 (base 2) in base 10?
7
Convert -10 (base 5) to base 15.
-5
Convert -9 (base 16) to base 9.
-10
1102 (base 3) to base 4
212
What is -2 (base 8) in base 11?
-2
Convert 3 (base 13) to base 11.
3
What is -2 (base 12) in base 3?
-2
What is 110 (base 4) in base 10?
20
6c (base 14) to base 10
96
Convert 141 (base 6) to base 7.
115
-23 (base 7) to base 11
-16
Convert -100111 (base 2) to base 6.
-103
What is 21 (base 3) in base 6?
11
-110 (base 3) to base 9
-13
Convert b (base 13) to base 15.
b
Convert -31 (base 12) to base 8.
-45
4 (base 10) to base 11
4
12 (base 3) to base 10
5
What is 1120 (base 3) in base 10?
42
What is -1 (base 15) in base 3?
-1
-26 (base 7) to base 5
-40
What is -1b2 (base 13) in base 14?
-186
Convert -68 (base 15) to base 6.
-242
Convert 5 (base 13) to base 8.
5
131 (base 7) to base 16
47
143 (base 9) to base 11
aa
Convert -14 (base 16) to base 5.
-40
What is 1 (base 14) in base 7?
1
Convert -1 (base 6) to base 15.
-1
What is -55 (base 15) in base 9?
-88
6 (base 12) to base 3
20
Convert 4 (base 11) to base 10.
4
Convert -31 (base 16) to base 10.
-49
Convert -211 (base 3) to base 9.
-24
What is 100001 (base 3) in base 13?
15a
What is 322 (base 4) in base 15?
3d
47 (base 8) to base 16
27
52 (base 11) to base 16
39
What is 5 (base 10) in base 15?
5
What is -1001 (base 3) in base 5?
-103
3 (base 13) to base 5
3
2 (base 10) to base 16
2
What is -33 (base 4) in base 12?
-13
What is 107 (base 14) in base 8?
313
What is -a5 (base 13) in base 4?
-2013
Convert -17 (base 16) to base 7.
-32
What is -4 (base 14) in base 10?
-4
10 (base 14) to base 10
14
What is 75 (base 11) in base 8?
122
Convert -29 (base 15) to base 12.
-33
What is -2 (base 14) in base 12?
-2
Convert -5 (base 8) to base 10.
-5
What is 19 (base 16) in base 14?
1b
-1412 (base 5) to base 13
-14b
Convert 1220 (base 4) to base 3.
10212
163 (base 7) to base 14
6a
What is 118 (base 9) in base 5?
343
Convert 48 (base 14) to base 7.
121
2e (base 15) to base 9
48
Convert -4 (base 10) to base 8.
-4
-3 (base 15) to base 3
-10
Convert -4 (base 16) to base 12.
-4
-23 (base 6) to base 13
-12
-1 (base 10) to base 4
-1
-3 (base 5) to base 16
-3
-1011 (base 2) to base 9
-12
-22 (base 13) to base 12
-24
What is -1 (base 5) in base 15?
-1
Convert -3 (base 10) to base 6.
-3
Convert a (base 11) to base 13.
a
Convert -43 (base 8) to base 6.
-55
-233 (base 6) to base 12
-79
5 (base 16) to base 13
5
What is -52 (base 11) in base 13?
-45
-4 (base 7) to base 2
-100
-11 (base 4) to base 8
-5
What is -140 (base 5) in base 6?
-113
What is 11 (base 7) in base 4?
20
-131 (base 4) to base 16
-1d
-14 (base 7) to base 9
-12
Convert -2c (base 13) to base 16.
-26
What is -26 (base 15) in base 7?
-51
Convert 2a (base 11) to base 13.
26
320 (base 6) to base 4
1320
Convert 30 (base 6) to base 15.
13
Convert 0 (base 10) to base 16.
0
-2 (base 14) to base 16
-2
What is -3 (base 6) in base 9?
-3
Convert 111 (base 3) to base 12.
11
101 (base 2) to base 12
5
Convert 10 (base 7) to base 13.
7
Convert 40 (base 7) to base 8.
34
What is 3 (base 15) in base 4?
3
What is 4 (base 6) in base 14?
4
-112 (base 10) to base 11
-a2
What is -2 (base 8) in base 6?
-2
Convert 247 (base 9) to base 3.
21121
Convert 120 (base 4) to base 3.
220
What is -10 (base 4) in base 13?
-4
-33 (base 15) to base 8
-60
What is -21 (base 3) in base 6?
-11
What is -4 (base 10) in base 6?
-4
-1011010 (base 2) to base 8
-132
What is 202 (base 5) in base 12?
44
-1e (base 15) to base 4
-131
-1 (base 4) to base 15
-1
Convert 6a (base 12) to base 13.
64
Convert -121 (base 3) to base 2.
-10000
What is 3 (base 13) in base 3?
10
What